3
Suppose 4477 = 62*i - 8481. What is the greatest common divisor of i and 44?
11
Suppose 85*p - 88*p + 6777 = 0. Suppose -13*g + p = 244. Calculate the greatest common divisor of 62 and g.
31
Let z(f) = 9*f - 1. Let s(g) = 8*g - 1. Let c(l) = -6*s(l) + 5*z(l). Let u be c(-3). Let m = 128 + -18. Calculate the greatest common factor of m and u.
10
Suppose w = -5*i + 10, 4*i = -4*w + 66 - 26. Suppose 3*y = y + w. Let r be (-3)/(-1) + 0 - (25 + -42). Calculate the greatest common factor of r and y.
5
Suppose -12*x - 396 = -14*x. Calculate the greatest common factor of x and 44.
22
Suppose 0 = -4*k - 16, -2*k - 46 = -5*v + 222. Calculate the greatest common divisor of 117 and v.
13
Let y(a) = -a**2 + 125. Let f be y(0). Let n = 1746 - 1721. What is the greatest common divisor of f and n?
25
Let y(f) = 25*f - 297. Let d be y(18). Suppose 3*k - 13 = 38. Calculate the highest common divisor of d and k.
17
Suppose n - 5*h - 230 = -0*h, -4*n + 3*h = -886. Suppose 4*k - n = -0*k. Calculate the greatest common divisor of 5 and k.
5
Let c(d) = d**2 + 20. Let l = 10 + -10. Let y be c(l). What is the highest common factor of 4 and y?
4
Let w be 195/21 + 6/(-21). Let b be w/(-6)*(23 - -1)/(-4). What is the highest common divisor of b and 63?
9
Let b = 63 - 61. Calculate the highest common divisor of 16 and b.
2
Suppose 260 = -8*d + 708. Let w be 42/d - (-69)/4. What is the highest common factor of 144 and w?
18
Suppose -5*h = -6*h + 374. Suppose -3*i + 1613 = h. Let p = i + -281. What is the greatest common factor of 12 and p?
12
Let l(j) = 4*j**3 + j + 1. Let r be l(3). Suppose k + k - r = -5*x, 3*k - 113 = -5*x. Calculate the highest common divisor of 220 and x.
22
Suppose 3*v = 4*g + 79, -3*g + v = -4*v + 62. Let t be -4 + g*(-2 + 0). Let d(b) = -b + 136. Let n be d(0). What is the highest common factor of t and n?
34
Let o(s) = 22*s**3 - 2*s**2 + 2*s - 1. Let p be o(2). Let z be -2*(-388)/40 + (-20)/50. What is the highest common divisor of z and p?
19
Let i = 2 - -3. Suppose 0 = 11*p + 14*p - 125. Suppose 0 = 2*n - p*f - 39 - i, 0 = f. What is the greatest common divisor of 198 and n?
22
Suppose 0 = -22*i - 11828 + 122466. What is the greatest common factor of i and 47?
47
Suppose -83 = -2*p + 109. Let b = p - 32. Suppose -106 = -5*t + n - 30, 3*t + 4*n = b. Calculate the highest common divisor of t and 2.
2
Let i(p) = -p**2 - 30*p + 14. Let s be i(-18). What is the highest common factor of 69 and s?
23
Let q(f) = 5*f + 10*f - 17*f + 0 + 3*f**3 - 1 - 3*f**2. Let p be q(-2). Let t be p/4*(-24 + 12). What is the greatest common factor of t and 11?
11
Let q(l) = 3*l - 11. Let d = -17 + 30. Let h be q(d). Let u(k) = -k**2 - 8*k + 13. Let m be u(-9). What is the greatest common divisor of h and m?
4
Suppose -15675 = -57*m + 2*m. What is the greatest common factor of m and 45?
15
Suppose 4 = 2*b, 5*o - 3*b - 120 = 4*o. What is the greatest common factor of 108 and o?
18
Suppose w + 2*w = 468. Suppose -4*f + 248 = x, -340 = -2*x + 5*f + w. Let n = x - 149. What is the greatest common divisor of 11 and n?
11
Suppose 0 = -3*o + 2*t + 236, -5*o + 2*t = -8*o + 220. What is the greatest common factor of o and 114?
38
Let o = 370 - 216. Suppose o + 286 = 5*j. Calculate the highest common divisor of 11 and j.
11
Suppose 5 = 94*t - 93*t. Let j(c) = 10*c**2 + 5*c. Let f be j(t). What is the greatest common divisor of 25 and f?
25
Suppose 0 = -5*f - v + 7 + 2, 13 = 4*f - 5*v. Suppose -5 = 5*y, -l - f*y = -0*y - 22. Suppose 6 = 5*h - l. Calculate the highest common factor of h and 15.
3
Let v = -39 + 33. Let z = v - -17. Calculate the highest common factor of 11 and z.
11
Let a(b) = b**2 + 13*b + 7. Let t(i) = i**3 + 2*i**2 - 4*i + 3. Let g be t(-4). Let k be a(g). Calculate the greatest common divisor of k and 14.
7
Suppose 2*l = -8*l + 20. Let r(u) = 9*u**2 - u + 2. Let q be r(l). What is the greatest common divisor of q and 54?
18
Let c be (36/(-21))/(8/(-28)). Let p = -1233 + 1263. Calculate the greatest common divisor of p and c.
6
Let y be 6/14 - 25/(-7). Let a(m) = -m**3 + 2*m - 2*m**3 + 2*m**3 + 7*m**2 - 8. Let f be a(7). What is the greatest common divisor of y and f?
2
Let j(t) = t**2 - 10*t + 51. Let m be j(13). Calculate the greatest common divisor of 10 and m.
10
Suppose 5418 + 966 = 12*z. What is the greatest common divisor of 28 and z?
28
Suppose 2*j = 5*o - j - 463, -3*j + 181 = 2*o. Calculate the highest common divisor of o and 3772.
92
Suppose 43*b = 17*b + 1300. What is the greatest common divisor of 775 and b?
25
Let d = -720 + 829. What is the highest common factor of 109 and d?
109
Let o(i) be the first derivative of -i**4/4 + 2*i**3/3 - i**2/2 - 2. Let y be o(-3). Calculate the highest common divisor of 6 and y.
6
Let y = 19 - -37. Let m = y - 17. Suppose 3*n + 0*n = m. What is the greatest common divisor of 39 and n?
13
Let w(d) = 10*d - 3. Let p be w(3). Let q(j) = 4*j**2 + 19*j + 39. Let a be q(-3). Calculate the highest common divisor of a and p.
9
Let d(q) = 3*q - 4. Let m be d(0). Let c be -5*(m + 1) - 3. What is the highest common divisor of c and 30?
6
Let v be (-2 - (-3 - -2)) + -11. Let n be (v/14)/((-1)/14). Suppose -91*r + 5131 = -24*r + 1915. Calculate the highest common divisor of n and r.
12
Suppose -4*k + 18 = -5*k. Let s be 18/(-81) - 76/k. Calculate the greatest common divisor of s and 12.
4
Let k = -10 + 15. Let n be k/((-15)/12) + 94. Calculate the highest common factor of n and 36.
18
Let d be (-6)/(-9)*(-12)/(-2). Let f = -1 - -7. Suppose -2*g = -f*g + 32. Calculate the greatest common factor of d and g.
4
Let k(c) = -5*c**2 - 34*c - 4. Let q be k(-6). What is the highest common factor of q and 95?
5
Suppose 447 = 18*o - 129. What is the highest common factor of 256 and o?
32
Suppose -9699 = -5*b + 5*g + 5121, -5938 = -2*b + 4*g. What is the highest common factor of b and 11?
11
Let b be 38/3*(-15)/(-10). Suppose -17 = -2*f - 7. Suppose -f*p + 150 = 55. Calculate the highest common divisor of b and p.
19
Let x(g) = -g**3 + 30. Let i be x(0). Let n = i - 24. What is the highest common factor of 2 and n?
2
Suppose -124 = -4*r - o, 3*r - 17 = 3*o + 76. What is the highest common divisor of r and 279?
31
Let j be -3 - (((-12)/(-4) - 4) + -3). Let i be ((-144)/64)/(j/(-4)). Suppose -3 - 1 = -4*u. Calculate the greatest common divisor of i and u.
1
Let q(l) be the first derivative of 5*l**3/3 + l**2/2 - 4*l + 11. Let r be q(-2). Suppose 5*x - 4*x = 21. What is the greatest common divisor of x and r?
7
Let h = 6 + -1. Let j be 2/(-5) - (-3816)/90. Suppose -12 + j = 3*w. What is the greatest common divisor of h and w?
5
Let c(w) = 52*w**3 - 2*w**2 - w + 2. Let d be c(1). Calculate the highest common factor of d and 68.
17
Let i(v) be the third derivative of -v**6/120 + v**3/6 - 5*v**2. Let q be i(-1). Suppose 6*s = q*s + 16. Calculate the greatest common divisor of 36 and s.
4
Let z be (-231)/(-5) + 2/(-10). Suppose a + 0 = 3. Suppose l = a*l - 138. What is the greatest common factor of z and l?
23
Let w be 1 + -1 + 4 + (-3)/3. Suppose w*z = o - 0*o + 92, 0 = z + 5*o - 52. What is the greatest common divisor of z and 8?
8
Let n(q) be the third derivative of q**6/120 - q**5/15 - 5*q**4/6 + 23*q**3/6 - 18*q**2. Let z be n(7). What is the greatest common factor of z and 12?
6
Suppose -18*p + 356 = -454. What is the highest common factor of p and 27?
9
Let r = 11 + -6. Suppose r = 4*v + v. Suppose 4*k - 33 + 1 = 0. What is the highest common factor of k and v?
1
Suppose 401 = 5*i - 3*k - 496, k + 179 = i. Calculate the greatest common factor of i and 252.
36
Suppose 41 + 39 = 8*t. Let v be (6/4)/(3/60). What is the greatest common factor of v and t?
10
Let i be ((-3)/(-24)*-4)/((-1)/14). Suppose 9 = r - 5*m, 0 = 4*r - 3*m + i*m - 108. Calculate the greatest common divisor of 168 and r.
24
Suppose 3*a - 4*o = 296 - 15, -2*o = 3*a - 251. Let r = 88 - a. What is the highest common divisor of 13 and r?
1
Let s = -396 + 556. What is the greatest common divisor of s and 20?
20
Suppose -2*g - 4*o + 112 = -0*o, 0 = -g - 3*o + 58. Suppose -d = g - 180. Let l be d/40*15*4. Calculate the greatest common factor of 24 and l.
24
Let l = -49 - -71. Suppose -l = -2*d + 4. Suppose 0 = -g + d + 9. What is the highest common factor of 154 and g?
22
Sup